{"id":5384,"date":"2019-12-26T22:04:07","date_gmt":"2019-12-26T19:04:07","guid":{"rendered":"http:\/\/burdoksan.com\/new\/?page_id=5384"},"modified":"2020-03-29T22:12:59","modified_gmt":"2020-03-29T19:12:59","slug":"6698-sayili-kisisel-verilerin-korunmasi-kanunu-kvkk","status":"publish","type":"page","link":"http:\/\/burdoksan.com\/new\/6698-sayili-kisisel-verilerin-korunmasi-kanunu-kvkk\/","title":{"rendered":"6698 SAYILI K\u0130\u015e\u0130SEL VER\u0130LER\u0130N KORUNMASI KANUNU ( KVKK )"},"content":{"rendered":"<p><a href=\"http:\/\/burdoksan.com\/new\/wp-content\/uploads\/2020\/03\/AYDINLATMA-METN\u0130-GENEL.pdf\">AYDINLATMA METN\u0130 GENEL<\/a><\/p>\n","protected":false},"excerpt":{"rendered":"<p>AYDINLATMA METN\u0130 GENEL<\/p>\n","protected":false},"author":2,"featured_media":0,"parent":0,"menu_order":0,"comment_status":"closed","ping_status":"closed","template":"","meta":{"footnotes":""},"class_list":["post-5384","page","type-page","status-publish","hentry"],"_links":{"self":[{"href":"http:\/\/burdoksan.com\/new\/wp-json\/wp\/v2\/pages\/5384","targetHints":{"allow":["GET"]}}],"collection":[{"href":"http:\/\/burdoksan.com\/new\/wp-json\/wp\/v2\/pages"}],"about":[{"href":"http:\/\/burdoksan.com\/new\/wp-json\/wp\/v2\/types\/page"}],"author":[{"embeddable":true,"href":"http:\/\/burdoksan.com\/new\/wp-json\/wp\/v2\/users\/2"}],"replies":[{"embeddable":true,"href":"http:\/\/burdoksan.com\/new\/wp-json\/wp\/v2\/comments?post=5384"}],"version-history":[{"count":5,"href":"http:\/\/burdoksan.com\/new\/wp-json\/wp\/v2\/pages\/5384\/revisions"}],"predecessor-version":[{"id":5413,"href":"http:\/\/burdoksan.com\/new\/wp-json\/wp\/v2\/pages\/5384\/revisions\/5413"}],"wp:attachment":[{"href":"http:\/\/burdoksan.com\/new\/wp-json\/wp\/v2\/media?parent=5384"}],"curies":[{"name":"wp","href":"https:\/\/api.w.org\/{rel}","templated":true}]}}