{"id":4033,"date":"2018-08-31T22:45:27","date_gmt":"2018-08-31T19:45:27","guid":{"rendered":"http:\/\/burdoksan.com\/new\/?page_id=4033"},"modified":"2026-01-07T07:02:59","modified_gmt":"2026-01-07T04:02:59","slug":"calisan-profili","status":"publish","type":"page","link":"http:\/\/burdoksan.com\/new\/calisan-profili\/","title":{"rendered":"\u00c7ALI\u015eAN PROF\u0130L\u0130"},"content":{"rendered":"<h4><strong>\u00c7ALI\u015eAN PROF\u0130L\u0130<\/strong><\/h4>\n<p>BURD\u00d6KSAN \u00e7al\u0131\u015fanlar\u0131; dinamik, e\u011fitimli ve geli\u015fmeye a\u00e7\u0131k personel yap\u0131s\u0131yla \u00fcretimin her alan\u0131nda m\u00fc\u015fteri beklentilerine cevap vermektedir.<\/p>\n<ul>\n<li>20 beyaz yaka<\/li>\n<li>65 mavi yaka<\/li>\n<\/ul>\n","protected":false},"excerpt":{"rendered":"<p>\u00c7ALI\u015eAN PROF\u0130L\u0130 BURD\u00d6KSAN \u00e7al\u0131\u015fanlar\u0131; dinamik, e\u011fitimli ve geli\u015fmeye a\u00e7\u0131k personel yap\u0131s\u0131yla \u00fcretimin her alan\u0131nda m\u00fc\u015fteri beklentilerine cevap vermektedir. 20 beyaz yaka 65 mavi yaka<\/p>\n","protected":false},"author":2,"featured_media":0,"parent":0,"menu_order":0,"comment_status":"closed","ping_status":"closed","template":"","meta":{"footnotes":""},"class_list":["post-4033","page","type-page","status-publish","hentry"],"_links":{"self":[{"href":"http:\/\/burdoksan.com\/new\/wp-json\/wp\/v2\/pages\/4033","targetHints":{"allow":["GET"]}}],"collection":[{"href":"http:\/\/burdoksan.com\/new\/wp-json\/wp\/v2\/pages"}],"about":[{"href":"http:\/\/burdoksan.com\/new\/wp-json\/wp\/v2\/types\/page"}],"author":[{"embeddable":true,"href":"http:\/\/burdoksan.com\/new\/wp-json\/wp\/v2\/users\/2"}],"replies":[{"embeddable":true,"href":"http:\/\/burdoksan.com\/new\/wp-json\/wp\/v2\/comments?post=4033"}],"version-history":[{"count":5,"href":"http:\/\/burdoksan.com\/new\/wp-json\/wp\/v2\/pages\/4033\/revisions"}],"predecessor-version":[{"id":5455,"href":"http:\/\/burdoksan.com\/new\/wp-json\/wp\/v2\/pages\/4033\/revisions\/5455"}],"wp:attachment":[{"href":"http:\/\/burdoksan.com\/new\/wp-json\/wp\/v2\/media?parent=4033"}],"curies":[{"name":"wp","href":"https:\/\/api.w.org\/{rel}","templated":true}]}}