{"id":4031,"date":"2019-02-03T19:50:43","date_gmt":"2019-02-03T17:50:43","guid":{"rendered":"http:\/\/burdoksan.com\/new\/?page_id=4031"},"modified":"2018-12-27T20:36:49","modified_gmt":"2018-12-27T18:36:49","slug":"disamatik-kaliplama-hatlari","status":"publish","type":"page","link":"http:\/\/burdoksan.com\/new\/disamatik-kaliplama-hatlari\/","title":{"rendered":"D\u0130SAMAT\u0130K KALIPLAMA HATLARI"},"content":{"rendered":"<table border=\"0\" width=\"430\" cellspacing=\"5\" cellpadding=\"0\">\n<tbody>\n<tr>\n<td class=\"yazi_c\" bgcolor=\"#F0F0F0\"><strong>DISA<\/strong><\/td>\n<td class=\"yazi_c\" bgcolor=\"#F0F0F0\"><strong>Kal\u0131p \u00d6l\u00e7\u00fcm\u00fcz<\/strong><\/td>\n<\/tr>\n<tr>\n<td>Geni\u015flik (mm)<\/td>\n<td>480<\/td>\n<\/tr>\n<tr>\n<td>Uzunluk (mm)<\/td>\n<td>600<\/td>\n<\/tr>\n<tr>\n<td>Y\u00fckseklik (mm)<\/td>\n<td>150 to 300<\/td>\n<\/tr>\n<\/tbody>\n<\/table>\n<table border=\"0\" width=\"430\" cellspacing=\"5\" cellpadding=\"0\">\n<tbody>\n<tr>\n<td class=\"yazi_c\" bgcolor=\"#F0F0F0\"><strong>D\u00f6k\u00fclebilir<\/strong><\/td>\n<td class=\"yazi_c\" bgcolor=\"#F0F0F0\"><strong>Par\u00e7a \u00d6l\u00e7\u00fcm\u00fcz<\/strong><\/td>\n<\/tr>\n<tr>\n<td>Geni\u015flik (mm)<\/td>\n<td>400<\/td>\n<\/tr>\n<tr>\n<td>Uzunluk (mm)<\/td>\n<td>500<\/td>\n<\/tr>\n<tr>\n<td>Y\u00fckseklik (mm)<\/td>\n<td>250<\/td>\n<\/tr>\n<tr>\n<td>A\u011f\u0131rl\u0131k (kg)<\/td>\n<td>0,5 &#8211; 25<\/td>\n<\/tr>\n<\/tbody>\n<\/table>\n<p><strong>Not: <\/strong>Disamatik kal\u0131plama hatt\u0131 ile 300 kal\u0131p\/saat \u00fcretim yap\u0131lmaktad\u0131r.<\/p>\n<p><strong>3 ADET D\u0130SAMAT\u0130K KALIPLAMA HATTIMIZ BULUNMAKTADIR.<\/strong><\/p>\n","protected":false},"excerpt":{"rendered":"<p>DISA Kal\u0131p \u00d6l\u00e7\u00fcm\u00fcz Geni\u015flik (mm) 480 Uzunluk (mm) 600 Y\u00fckseklik (mm) 150 to 300 D\u00f6k\u00fclebilir Par\u00e7a \u00d6l\u00e7\u00fcm\u00fcz Geni\u015flik (mm) 400 Uzunluk (mm) 500 Y\u00fckseklik (mm) 250 A\u011f\u0131rl\u0131k (kg) 0,5 &#8211; 25 Not: Disamatik kal\u0131plama hatt\u0131 ile 300 kal\u0131p\/saat \u00fcretim yap\u0131lmaktad\u0131r. 3 ADET D\u0130SAMAT\u0130K KALIPLAMA HATTIMIZ BULUNMAKTADIR.<\/p>\n","protected":false},"author":2,"featured_media":0,"parent":0,"menu_order":0,"comment_status":"closed","ping_status":"closed","template":"","meta":{"footnotes":""},"class_list":["post-4031","page","type-page","status-publish","hentry"],"_links":{"self":[{"href":"http:\/\/burdoksan.com\/new\/wp-json\/wp\/v2\/pages\/4031","targetHints":{"allow":["GET"]}}],"collection":[{"href":"http:\/\/burdoksan.com\/new\/wp-json\/wp\/v2\/pages"}],"about":[{"href":"http:\/\/burdoksan.com\/new\/wp-json\/wp\/v2\/types\/page"}],"author":[{"embeddable":true,"href":"http:\/\/burdoksan.com\/new\/wp-json\/wp\/v2\/users\/2"}],"replies":[{"embeddable":true,"href":"http:\/\/burdoksan.com\/new\/wp-json\/wp\/v2\/comments?post=4031"}],"version-history":[{"count":6,"href":"http:\/\/burdoksan.com\/new\/wp-json\/wp\/v2\/pages\/4031\/revisions"}],"predecessor-version":[{"id":4743,"href":"http:\/\/burdoksan.com\/new\/wp-json\/wp\/v2\/pages\/4031\/revisions\/4743"}],"wp:attachment":[{"href":"http:\/\/burdoksan.com\/new\/wp-json\/wp\/v2\/media?parent=4031"}],"curies":[{"name":"wp","href":"https:\/\/api.w.org\/{rel}","templated":true}]}}